6. What is the units digit of l?
4
Let f = -78 - -109. What is the tens digit of f?
3
Suppose 4*h - 14 = -2*d, -3 = h - 4*h + d. Suppose -3*f - 72 = -2*s - h*s, -2*s - f = -36. What is the units digit of s?
8
Let a = -11 + 32. What is the tens digit of a?
2
Let h(t) = 3*t + 1. Let r(j) be the third derivative of -j**4/24 - j**3/6 - j**2. Let s be r(-2). What is the units digit of h(s)?
4
Let w be (-1 - -5)*505/20. Suppose 3*u - 64 = 5*a, -5*a - 21 + w = 5*u. What is the units digit of u?
8
What is the units digit of (-440)/(-4) - 3/(3/2)?
8
Let v = 9 - 6. Let p(z) = 4*z**2 + 1 - 3*z**2 + 0*z**2 + v*z - 4*z. What is the units digit of p(2)?
3
Let c(p) be the first derivative of p**3/3 - 7*p**2/2 + 5*p - 9. Let v be 66/9 - 2/6. What is the units digit of c(v)?
5
Let u = -76 + 106. Let i = -12 + u. What is the units digit of i?
8
Suppose -139 = 3*g - 34. Let j = 69 + g. What is the tens digit of j?
3
Suppose 2*j = -5*k + 95, -3*k + 5*j = -13 - 44. Suppose 2*t - 17 = k. What is the units digit of t?
8
Let i = 17 - 8. What is the units digit of i?
9
Suppose -5*a - 2*o - 4 = 0, 0 = -2*a - o - 4*o - 10. Suppose a = -4*r + 3*i + 43, i - 5*i = -12. What is the units digit of r?
3
Let g = 1 + 5. Suppose 0 = 2*c + g - 36. Suppose f - c = -3*p, 0 = p + 4*f - 2*f. What is the units digit of p?
6
Suppose -v + 4*v - 5*u - 21 = 0, 2*u + 12 = 3*v. Suppose 0 = 2*c + v*c - 16. What is the units digit of c?
4
Let c be (-4 - 1)*(-38)/5. Suppose 4*u + 2 = c. What is the units digit of u?
9
Suppose -2 = 5*z - 12. Suppose 22 + 28 = 3*f + z*v, -44 = -2*f + 4*v. Suppose 0*p - p = -f. What is the units digit of p?
8
Let x = 79 - 45. What is the units digit of x?
4
Suppose -5*o + d = -d - 108, -o + d = -24. Suppose 5*n - n = o. Suppose l = -4*r + 37, 2*l + 7 = -r + n*l. What is the units digit of r?
8
Suppose 2*q = 3*q - 3. Let o = q - 2. What is the units digit of o?
1
Let g(u) = -3*u + 24. What is the units digit of g(-11)?
7
Suppose 5*s - 4*t = 191 + 62, 3*s - 5*t - 157 = 0. What is the units digit of s?
9
Let i(a) = 2*a - 4. Let o be i(3). Suppose 2*w = o*b - 12, 10 = -w - 0*w + 2*b. What is the units digit of (-7)/(-3 - (w - 0))?
7
Let w(q) be the third derivative of -q**6/120 - q**5/15 + q**3/2 + q**2. What is the units digit of w(-4)?
3
Suppose 7*h = -3*u + 5*h - 55, -3*h + 60 = -5*u. Let r = u + 27. What is the units digit of (-1 + 3)*30/r?
5
Let v = 37 - -6. What is the units digit of v?
3
Suppose -g + 3 = 30. Let q = g + 60. What is the tens digit of q?
3
Let z(c) be the third derivative of -c**4/2 + c**3/6 + 4*c**2. What is the tens digit of z(-3)?
3
Let q(x) = -x**2 + 4*x - 2. Let f be q(3). Suppose -5*t = -66 + f. What is the units digit of t?
3
Let z(d) be the first derivative of d**2/2 + 13*d + 1. What is the units digit of z(10)?
3
Let i(c) = 11*c**2 + 1. Let b be i(2). Let g = -1 - -6. Suppose -g*u = -5*d + b, -2*u = d - 0*d. What is the units digit of d?
6
What is the units digit of (-10)/(-8)*2*2?
5
Let q(y) = y**3 - 7*y**2 - 8*y + 9. Let r be (-102)/(-13) + (-2)/(-13). What is the units digit of q(r)?
9
Suppose 44 + 22 = 3*n. Suppose 0 = y - n - 9. What is the units digit of y?
1
Let r = -2 + 2. Suppose r = 3*d + 29 - 5. What is the units digit of ((-34)/3)/(d/12)?
7
Let v = 4 + 6. What is the units digit of v?
0
What is the hundreds digit of (-3514)/(-12) + (-3)/(4 + -22)?
2
Suppose r - 99 - 257 = 0. What is the tens digit of r?
5
Suppose -7*c - 52 = -4*j - 3*c, 5*c + 5 = 0. What is the units digit of j?
2
Suppose 0 = 2*s - 177 - 85. What is the units digit of s?
1
Let l = 40 + -24. Suppose 0 = -2*i + i + l. What is the tens digit of i?
1
Let s be 30/25*35/2. Let z be 6/24 - 15/(-4). Suppose 0 = z*c + s - 53. What is the units digit of c?
8
Suppose 64 = 2*j - 7*i + 4*i, 12 = -3*i. Let q be j*(2 - (1 - 0)). Suppose -l + 3*h = 9 - q, -5*h = l + 23. What is the units digit of l?
2
Let d = 1 + -2. What is the tens digit of (-15)/d*(-32)/(-20)?
2
Let i = -54 - -170. What is the units digit of i?
6
Suppose 5*x + 4*d - 1242 + 331 = 0, 0 = -3*x - 5*d + 557. What is the tens digit of x?
7
Let g(i) be the first derivative of i**5/60 - i**4/4 + 2*i**3/3 - 2. Let t(j) be the third derivative of g(j). What is the units digit of t(4)?
2
Let z be (4/2 - 4) + 2. Suppose z*s = -s - 8. What is the units digit of (-2)/s + (-3)/(-4)?
1
Suppose -2*q = -38 - 2. What is the units digit of q?
0
Suppose -2*g + 3*f = -20, 2*f = -g + 4*f + 12. Suppose -g*j + 167 = 3*h, 6*h - 3*h = -2*j + 91. What is the tens digit of j?
3
Let l = 100 + -41. What is the tens digit of l?
5
Let f(r) = 5*r - 4. Suppose -3*s + 15 = 3*m, 0 = 3*m - 0*m - 2*s - 10. What is the units digit of f(m)?
6
Let v(z) = 2*z**2 - 10*z + 2. What is the units digit of v(8)?
0
What is the units digit of 6/15 + (-176)/(-10) + 3?
1
Suppose -3*b + 1 + 50 = 0. What is the tens digit of b?
1
Let w = -19 + 18. Suppose 3*j = -y - 7, 4*y + y + 22 = -2*j. What is the units digit of (0 - (2 + w))*j?
1
Let m(x) = -x**3 + 16*x**2 + 22*x + 24. What is the units digit of m(17)?
9
Let g(m) = m. Let o be g(-2). Let t be -4 - -6 - o*1. Suppose c + 4*u = 17, -t*c = -6*c + 4*u - 2. What is the units digit of c?
5
Suppose 3*f + 12 = 2*n, 7*f - 2*f = -5*n + 5. Suppose -n*q + 32 = -37. What is the tens digit of q?
2
What is the tens digit of ((-2)/6)/(6/(-216))?
1
Let h = 10 + -6. Suppose -20 = -h*u, 73 = 3*q + 2*u + 27. Suppose -2*n - q = -6*n. What is the units digit of n?
3
Let m = 11 + -9. What is the units digit of 3 - (-2 - m/(-1))?
3
Let y = 3 - 5. Let l = 7 - y. What is the units digit of l?
9
Suppose -5*w + 11 = 2*r, 3*w + w = -r + 7. What is the tens digit of w/((-3)/17)*-3?
1
Let v be 1 - (-12)/(0 - -1). Suppose 4*k - 6 - 2 = 0. Suppose 2*y + 14 = -5*m, v = -k*y - 4*m + 3. What is the units digit of y?
3
Suppose -5*s + 78 = -2*s. What is the units digit of s?
6
Let j = -14 + 10. Let c be 1*-1*(j + -13). Let r = 27 - c. What is the tens digit of r?
1
Let w be 2/(1 + -2) - -4. Let z be ((-6)/(-4))/(-3)*w. What is the units digit of (6/3)/z + 6?
4
Suppose d = -8*h + 3*h + 217, -2*h - 5*d = -96. What is the tens digit of h?
4
Suppose 5*b = 2*f + 48, 0 = -b + 5*f + 47 - 19. Let k = 17 - b. Suppose 3*r + 2*h + k = 29, 2*h = 8. What is the units digit of r?
4
What is the units digit of -3*1*(-745)/15?
9
Let t(g) = g**3 + 14*g**2 + 11*g - 3. What is the tens digit of t(-13)?
2
Let d(u) = -u**3 + 5*u**2 - u. Let k be 3/1*6/9. What is the units digit of d(k)?
0
Let r(m) = 8*m + 6. Let v be r(5). Suppose 2*z = -d - 46, -2*z = -2*d - 3*d + v. What is the units digit of 2/8 + z/(-4)?
6
Suppose -4*x + 0*x = 16. What is the units digit of (-185)/(-10) + (-2)/x?
9
Let f = -2 + 4. Let n(b) = -b**f - 7*b + 1 + 3*b - 5*b. What is the units digit of n(-9)?
1
Suppose 4*z - 5*j = -0*z + 875, 212 = z + j. What is the tens digit of z?
1
Let c(n) = 2*n**2 - 23*n + 24. What is the tens digit of c(18)?
5
Suppose -2*f + 6 = 2. Suppose -3*o - f*u + 70 - 13 = 0, 2*u = -4*o + 74. What is the units digit of o?
7
Suppose 5*n = -8 + 13. What is the units digit of n?
1
Let d be 2/6 - 51/(-9). Suppose d = 5*b - 4. What is the units digit of b + -1*2 - -5?
5
Suppose 2 = 2*m + 4. Let r = -19 + 17. What is the units digit of m/r - (-13)/2?
7
Suppose -4*j + 3 = -5*u, -2*j = -3*u + 1 - 2. What is the tens digit of j - -11 - (-2 + 2)?
1
Let x(m) = 3*m**3 + m**2 - m + 1. What is the units digit of x(2)?
7
Let t be (-6)/6 - (1 + -5). Suppose s + 0*s - 18 = 3*i, t*s = 3*i + 36. Let f = -2 + s. What is the units digit of f?
7
Suppose -13 - 107 = -2*l. What is the units digit of l?
0
Suppose 2*k + 86 = 210. What is the tens digit of k?
6
Let p be 42/8 - 2/8. Suppose -3*b + 21 = 2*l - 7*l, p*l - 15 = 0. What is the tens digit of b?
1
Suppose -p + 3 = -2. Suppose h + h - 2*r = 20, 0 = -h + 4*r - p. What is the tens digit of h?
1
What is the tens digit of (-1)/(((-39)/462)/13)?
5
Let j(g) = -4*g**2 - 2*g - 6. Let k be j(-5). Let p be 8/20 - k/10. Suppose 4*m - 12 = -5*h + 5, -4*h + p = 5*m. What is the units digit of h?
5
What is the tens digit of (-322)/(-10) + 12/(-60)?
3
Let y(j) = 13*j - 26. What is the units digit of y(7)?
5
Suppose -h - 42 = 5*q - 2*h, 5*h = -15. What is the tens digit of 6/q*(-195)/10?
1
Let u(s) = s**3 - 6*s**2 + 4*s + 5. Let c be u(5). Suppose 